common divisor of p and q.
14
Suppose -4*n - n + 50 = 0. Suppose n = -2*a + 290. Suppose -a - 145 = -5*d. Calculate the greatest common divisor of 38 and d.
19
Let n(h) = -5*h - 20. Let m be n(-10). Suppose -4*x = -457 - 503. What is the greatest common factor of x and m?
30
Suppose 2*k = -w + 24, -5*k - w - 4 = -70. Let b be 4/10 + 628/5. What is the highest common divisor of k and b?
14
Let g = 7 - 9. Let i be (2 - 3)/(g/16). Let m be 0 - 144/(-1 + -1). Calculate the greatest common factor of i and m.
8
Let q be (1 - 4 - -5) + 11. Let b(c) = 7*c**2 - 5*c - 2. Let v be b(-4). What is the greatest common factor of v and q?
13
Suppose 5*c = 2*m + 6*c - 49, 4*c + 116 = 5*m. Calculate the greatest common divisor of m and 36.
12
Suppose -5*o - l + 5 = 0, o - 5*o - l = -4. Let d = -8 - o. Let y be 242/6 + 3/d. Calculate the greatest common factor of 8 and y.
8
Let q be -5*9/30*-2. Let d be 3*q*(-1)/(-9). Calculate the highest common divisor of 1 and d.
1
Let x(m) = -4*m - 7. Let u be x(-4). What is the highest common divisor of u and 63?
9
Suppose -s - 2*l + 7 = 0, 4*s - l + 11 = 4*l. What is the greatest common divisor of 2 and s?
1
Let x = 135 - 94. Let g = 86 - x. Suppose -3*s = -0*s - 15. What is the greatest common divisor of g and s?
5
Suppose -5*m - 4 = -6*m. Suppose 3*t = 2 + 4. Suppose 5*h + 23 = -t*o, o + 18 = 4*o - 3*h. Calculate the greatest common divisor of m and o.
1
Let o(v) be the first derivative of v**2 - 4*v - 1. Let r be o(3). Suppose -16 = -r*l - 4. Calculate the highest common factor of 24 and l.
6
Let q be 2 + 208/2 + 1. Suppose -166 - q = -3*o. What is the greatest common factor of 13 and o?
13
Suppose -3*k + 40 = -7*k. Let p be (-2)/k - 44/(-5). Calculate the highest common factor of 3 and p.
3
Let v = 1 - -1. Let t = -1 - -3. Let z be (v/(-3))/(t/(-108)). What is the greatest common factor of 24 and z?
12
Let g be -4 + (-3*9)/(-3). Calculate the highest common factor of 15 and g.
5
Suppose 0*d = 2*d - 2. Suppose -9 - d = -w. Calculate the highest common divisor of 5 and w.
5
Suppose -2*z = 1 - 21. Let j(a) be the third derivative of a**4/24 + a**3/3 + 2*a**2. Let m be j(0). Calculate the greatest common factor of m and z.
2
Let o be 2/(-2) + (-1 - -4). Let y be ((-6)/o)/((-1)/7). Suppose -s - 5*c + 12 = 0, 3 = 2*s - 4*c - 7. Calculate the highest common factor of y and s.
7
Suppose 0*n = -4*n + 72. Let f be 30/8 + (-2)/(-8). Suppose f*d - 505 - 215 = 0. What is the greatest common factor of n and d?
18
Let t be (1 + -4)*10/(-6). Suppose 8*h + 4*n = 3*h + 284, -t*h + 278 = -2*n. Calculate the highest common divisor of h and 8.
8
Let o = -19 + 24. Calculate the highest common divisor of o and 40.
5
Let n(g) = -g - 3. Let f be n(-3). Let q = 80 + -32. Suppose f*y - 4*y = -q. What is the highest common divisor of y and 108?
12
Suppose -3*p - 9 = -4*p. Let y = 56 - 11. Calculate the greatest common divisor of p and y.
9
Let m = 4 + 5. Calculate the highest common divisor of m and 27.
9
Let v = -24 - -29. What is the greatest common divisor of v and 45?
5
Let x = 6 - -1. Let b = x + -4. Let c be (-12 + b/(-3))*-5. Calculate the greatest common divisor of 13 and c.
13
Suppose 2*d = 4*s + 3*d - 27, 2*s - 5*d + 3 = 0. Suppose s*w = 4*w + 32. Calculate the highest common divisor of 2 and w.
2
Let h be 60*(-2 + (-24)/(-10)). Let m be h/(-1)*32/(-6). Suppose -3*k + 5*k - m = 0. What is the greatest common factor of 8 and k?
8
Let y(t) = t**2 + 9*t - 14. Let p be y(-11). Let a = 3 + p. What is the highest common factor of 11 and a?
11
Let y(f) = f - 2. Let z be y(3). Let t be z - (-1)/(-2 + 3). Suppose 12 = 4*c + t*g, 0 = 2*c + 2*c + g - 8. What is the greatest common divisor of c and 1?
1
Suppose -13 - 2 = 5*x, 0 = 2*p + x - 149. Suppose -3*g = 6, -6*g - p = -2*m - 4*g. Calculate the greatest common factor of 4 and m.
4
Let r = 11 - 6. Suppose r*c + 16 = x, 5*x - 17 = -0*c + 4*c. Suppose -x = -5*j + 4. What is the greatest common divisor of j and 1?
1
Suppose 4*m + 80 = 9*m. Calculate the greatest common factor of m and 80.
16
Suppose 0*x = 5*x - 55. Let r(j) = -j**3 - 7*j**2 - 3*j - 10. Let i be r(-7). What is the highest common factor of i and x?
11
Let h be 6 + 4*3/(-3). Suppose 292 = h*a - 126. Calculate the greatest common divisor of 19 and a.
19
Let u(k) = -4*k**3 - 7*k**2 - 10*k. Let j be u(-4). Calculate the highest common factor of 23 and j.
23
Let r be 2 - (-3 + 9/3) - -29. What is the highest common factor of r and 248?
31
Let r be (-328)/(-18) + (-6)/27. Suppose 0 = -5*p + 2*s + 217, -53 = -2*p + p - 2*s. What is the highest common factor of p and r?
9
Let p(u) be the second derivative of u**5/20 + 5*u**4/12 + u**3/2 + 3*u**2/2 + u. Let j be p(-2). What is the highest common divisor of j and 36?
9
Suppose -4*d - 4*k = -0*d - 8, 2*d - 8 = 2*k. Suppose -d*p + 114 = -21. Suppose -f + 9 = -0*f. What is the greatest common factor of p and f?
9
Let o = 0 - -6. Suppose 0 = 2*r - 37 - 409. Suppose -r + 61 = -3*k. What is the highest common divisor of k and o?
6
Let z = -14 - -25. Calculate the greatest common factor of z and 88.
11
Let i(x) = 9*x + 21. Let p be i(3). Calculate the highest common divisor of p and 24.
24
Let v(o) = 22*o**2 + 3*o + 3. Let n be v(-1). Calculate the highest common divisor of 33 and n.
11
Let z be (144/(-15) - -10)/(2/85). Calculate the highest common divisor of 85 and z.
17
Let u(h) = -2*h - 3. Suppose -6*f = -3*f + 15. Let b be u(f). Suppose b*m + n = 3*m + 83, -5*n = m + 3. What is the highest common divisor of 33 and m?
11
Suppose -4*f + 259 + 89 = 0. What is the highest common divisor of f and 29?
29
Suppose 0 = 3*n + 19 + 11. Let u be 449/4 + n/40. What is the greatest common divisor of u and 16?
16
Suppose 3*m = 5*g - 5, -3*g - m = -3*m - 2. Let y(w) = 5*w + 14. Let o be y(6). Calculate the greatest common factor of g and o.
4
Let p = 18 - 12. Let i be (-9)/p*608/(-6). Calculate the highest common divisor of 19 and i.
19
Let j be (-2)/3*(-48 - 6). What is the highest common divisor of j and 12?
12
Let s be ((-2)/1 - -5) + -1. Suppose -3*d = -s*d. Suppose -u + 5*p + 74 = 0, -3*u + d*p + 248 = -2*p. Calculate the highest common factor of u and 12.
12
Suppose -4*g = -5*o - 11, -o = -6*g + 9*g - 13. Let t(v) = v**2 - v. Let k be t(-1). Suppose c - k = 2. What is the greatest common factor of c and g?
4
Let n(g) = -2*g. Let h = -2 - 4. Let u be n(h). What is the greatest common factor of 18 and u?
6
Suppose 4*u = -2*g + 4, 0*u + 2 = -2*u. Suppose -3*w - 107 = -0*k - 5*k, -k - g*w = -26. What is the greatest common factor of k and 220?
22
Suppose -15*n + 448 = n. Calculate the highest common factor of 126 and n.
14
Let y be (-6 + 3)/1 + 66. Suppose -o - 4*o = -60. Suppose 4*g = o + 16. What is the greatest common factor of g and y?
7
Suppose -3*j + 12 = -0*j. Let w = j - 0. What is the highest common divisor of 8 and w?
4
Suppose 7 = 2*p - 31. Suppose -4*t + 28 = 4*f - 0*t, 3*t + p = 5*f. What is the highest common divisor of 2 and f?
1
Let m be (0 + 0 + 1)*-1. Let n(u) = 4*u**2 - 15*u**3 - 4*u**2 - 1. Let h be n(m). Calculate the greatest common divisor of 14 and h.
14
Suppose -31*g + 37*g - 1368 = 0. Calculate the greatest common divisor of g and 57.
57
Let o(r) be the first derivative of -7*r**2/2 - 9*r + 1. Let n be o(-6). Calculate the highest common factor of n and 11.
11
Suppose -5*f - 11 - 1 = -4*k, 16 = k + 2*f. Suppose -3*z + 5*l = 6*l - 73, 2*z - 49 = -l. Calculate the greatest common factor of z and k.
8
Suppose -3*w = -5*n + 501, -5*n + 3*w + 2*w + 505 = 0. Let d = -16 - -10. Let q = d + 17. Calculate the greatest common divisor of n and q.
11
Let f = -44 + 62. What is the greatest common factor of 6 and f?
6
Let s = -1 + -1. Let k = 7 - s. Calculate the highest common factor of k and 27.
9
Let u(z) = z - 2. Let r be u(3). Let h = r + 29. Calculate the highest common factor of 10 and h.
10
Suppose 38 = 2*j + 6. Suppose -j = -4*x, -13 = -2*v + x - 3. Calculate the highest common factor of 1 and v.
1
Let w(u) be the second derivative of u**4/6 - u**3/3 - 3*u**2/2 - u. Let p be (2 - 3)*2*3. Let n be w(p). Calculate the greatest common factor of 9 and n.
9
Let z = 43 - -11. Let m be -5*(-4)/(-10)*-58. Suppose 5*p + 26 = m. Calculate the highest common factor of z and p.
18
Let q be (-10)